False
Is 2834218771 composite?
True
Is 1267863671 a prime number?
False
Is 1129684181 composite?
False
Is 20013781649 a composite number?
False
Is 3199573831 composite?
False
Is 24404880473 composite?
False
Is 595903319 a prime number?
False
Is 22466117737 composite?
True
Is 15918780049 composite?
True
Is 2288199755 prime?
False
Is 11779457129 a prime number?
False
Is 19874365547 composite?
False
Is 37326031838 composite?
True
Is 900592949 a composite number?
False
Is 64224355271 prime?
False
Is 14374038457 prime?
True
Is 58597713907 a composite number?
False
Is 117010583 prime?
True
Is 1442443711 a prime number?
True
Is 1317990917 composite?
True
Is 31790044807 a prime number?
False
Is 10564106659 a composite number?
True
Is 44734307141 prime?
True
Is 6980890691 a prime number?
False
Is 32338739383 composite?
True
Is 41739330499 composite?
False
Is 6559886539 a composite number?
True
Is 50755428443 prime?
False
Is 4312833953 composite?
False
Is 1722316763 prime?
False
Is 4726193671 prime?
False
Is 11387559073 a prime number?
False
Is 789133487 prime?
False
Is 1097459243 a composite number?
False
Is 1449965158 prime?
False
Is 8877000277 composite?
False
Is 11716649279 prime?
True
Is 12599219921 prime?
True
Is 837469833 composite?
True
Is 29669144627 composite?
False
Is 4334009047 prime?
True
Is 7659711971 a composite number?
True
Is 15586229301 prime?
False
Is 4730841829 a prime number?
False
Is 11248916117 a composite number?
True
Is 620804983 composite?
True
Is 958257907 prime?
True
Is 72563292169 composite?
True
Is 14495559987 a composite number?
True
Is 3838662871 a prime number?
False
Is 1264821707 a composite number?
False
Is 27514042511 composite?
False
Is 14957010059 a prime number?
True
Is 597026627 a composite number?
False
Is 18836364161 composite?
False
Is 7476878791 prime?
False
Is 4048848561 prime?
False
Is 1535059873 a composite number?
False
Is 50567824339 composite?
False
Is 23497035719 a composite number?
True
Is 10219919629 a prime number?
True
Is 120258349 a prime number?
False
Is 817224193 a prime number?
True
Is 83844606889 prime?
False
Is 29737428641 a composite number?
True
Is 1476174971 prime?
False
Is 65566478797 composite?
False
Is 128315959 a composite number?
True
Is 4801927961 a prime number?
True
Is 835029479 a composite number?
True
Is 401736733 a prime number?
True
Is 939665597 a composite number?
True
Is 9509047721 a prime number?
False
Is 7131251903 a composite number?
False
Is 5164372909 a composite number?
False
Is 57319178633 prime?
False
Is 25104249031 prime?
True
Is 4656802407 a composite number?
True
Is 14149002737 prime?
True
Is 85651457 a prime number?
False
Is 244261946047 a prime number?
False
Is 131010069 a composite number?
True
Is 21056956654 a composite number?
True
Is 2796861982 prime?
False
Is 2144272327 composite?
True
Is 8260913489 a composite number?
False
Is 43023479 prime?
False
Is 5470084783 a composite number?
True
Is 9538843 composite?
True
Is 46613118413 prime?
False
Is 23220273067 composite?
False
Is 1069148953 prime?
True
Is 7447820871 a prime number?
False
Is 989272033 prime?
True
Is 48321323 a composite number?
False
Is 1576411279 prime?
True
Is 5361540983 composite?
True
Is 49709123573 prime?
True
Is 631829257 a composite number?
False
Is 20355236179 prime?
True
Is 21557215087 a composite number?
True
Is 206981678147 a prime number?
True
Is 522720917 a prime number?
False
Is 242806219 a prime number?
False
Is 1104999391 composite?
True
Is 15890203463 prime?
False
Is 705593261 a composite number?
True
Is 826656541 a prime number?
False
Is 3592561333 a prime number?
True
Is 1153852199 a composite number?
False
Is 48357197657 composite?
False
Is 1026623467 composite?
True
Is 1350397157 a prime number?
True
Is 11739472219 composite?
False
Is 387917371 prime?
False
Is 12761866003 composite?
True
Is 21820290587 composite?
False
Is 89625461 a prime number?
True
Is 269599673 a composite number?
True
Is 4969230229 a prime number?
False
Is 1405813853 composite?
True
Is 1326823241 composite?
True
Is 8867083073 a prime number?
False
Is 308837299 prime?
True
Is 2107329383 a composite number?
False
Is 409218473 composite?
False
Is 1761017789 composite?
False
Is 13001413657 a prime number?
True
Is 156849467 a prime number?
False
Is 1272338903 a composite number?
True
Is 100031663 prime?
False
Is 29232092737 prime?
True
Is 26712558449 a prime number?
True
Is 17194019 a composite number?
True
Is 1577886509 prime?
True
Is 247472327 composite?
True
Is 488782537 a composite number?
False
Is 5037792593 a composite number?
True
Is 41706282949 a prime number?
True
Is 5745333181 prime?
False
Is 30911361941 composite?
False
Is 1279985527 a prime number?
False
Is 1727605871 prime?
True
Is 6967888273 a prime number?
True
Is 99332246993 a prime number?
False
Is 26686050109 prime?
False
Is 118478327 a prime number?
False
Is 121431241 composite?
True
Is 723802661 a prime number?
False
Is 1482856783 a composite number?
True
Is 298305509387 prime?
True
Is 1578664631 a prime number?
True
Is 422528501 a composite number?
False
Is 9721323379 composite?
False
Is 32094726893 composite?
True
Is 1476539989 a prime number?
False
Is 1854849341 composite?
False
Is 31744711447 a prime number?
False
Is 55528185131 prime?
True
Is 350523095443 composite?
False
Is 116040778283 a composite number?
True
Is 2544656479 composite?
True
Is 3624585281 composite?
False
Is 5413570543 composite?
True
Is 62950360931 prime?
True
Is 4082950829 composite?
True
Is 1922182153 a prime number?
False
Is 576796097 a composite number?
False
Is 8249437921 prime?
True
Is 7644761749 prime?
True
Is 26638810771 composite?
True
Is 13449252871 prime?
True
Is 12290437669 composite?
False
Is 5633911607 composite?
True
Is 2894320951 composite?
False
Is 31649251 a prime number?
True
Is 34169914117 a composite number?
True
Is 10771258873 composite?
True
Is 48862664689 composite?
False
Is 42334349381 a prime number?
True
Is 936859661 composite?
True
Is 3186468577 prime?
True
Is 1044971831 composite?
True
Is 7798703271 a prime number?
False
Is 23145778699 a composite number?
False
Is 5166208109 a prime number?
True
Is 26349799177 a composite number?
True
Is 1804535151 a prime number?
False
Is 6724733987 composite?
False
Is 28871666693 composite?
True
Is 19587891991 composite?
False
Is 938609159 prime?
True
Is 138716609 a composite number?
False
Is 128962399 composite?
False
Is 1759066223 a prime number?
False
Is 27720797167 a prime number?
False
Is 5459362157 prime?
True
Is 2303225851 a composite number?
False
Is 2399319019 a composite number?
True
Is 92631624893 prime?
True
Is 2067080861 a prime number?
True
Is 367421939 a prime number?
False
Is 16434171343 a prime number?
False
Is 15518720881 a prime number?
False
Is 29984767 a prime number?
False
Is 8424936487 a prime number?
False
Is 9137077 a composite number?
False
Is 1460235089 a prime number?
False
Is 166889081 composite?
True
Is 1861331687 a prime number?
False
Is 415718257 prime?
True
Is 3987338039 prime?
False
Is 63212933969 a prime number?
True
Is 1311821923 a prime number?
True
Is 1247228447 composite?
False
Is 141534310633 a prime number?
False
Is 408452647 a prime number?
True
Is 9996528299 composite?
True
Is 68076288141 a prime number?
False
Is 12155952293 a composite number?
False
Is 18054153437 a composite number?
False
Is 4849837007 a composite number?
True
Is 176016059 prime?
False
Is 5223085757 prime?
True
Is 32055967 a prime number?
True
Is 133169861683 a prime number?
False
Is 15475973197 prime?
True
Is 55979583423 composite?
True
Is 13505414257 composite?
True
Is 18049030157 composite?
False
Is 4876785161 a prime number?
True
Is 27732963737 prime?
True
Is 61075895719 a composite number?
True
Is 1266030061 a prime number?
False
Is 4283942367 a prime number?
False
Is 16484759185 prime?
False
Is 3329070838 prime?
False
Is 1768280927 prime?
False
Is 785160139 a prime number?
False
Is 438981423 a prime number?
False
Is 522226421 composite?
False
Is 954849359 a prime number?
False
Is 5683669967 a prime number?
True
Is 34586103 a composite number?
True
Is 2872703719 composite?
False
Is 40358930923 a composite number?
False
Is 21812671261 composite?
True
Is 1686672551 a composite number?
F